{"id":70,"date":"2022-11-11T16:13:37","date_gmt":"2022-11-11T15:13:37","guid":{"rendered":"https:\/\/xn--jean-francis-grhaigne-p5b.fr\/?page_id=70"},"modified":"2022-11-11T16:13:37","modified_gmt":"2022-11-11T15:13:37","slug":"bibliographie","status":"publish","type":"page","link":"https:\/\/xn--jean-francis-grhaigne-p5b.fr\/?page_id=70","title":{"rendered":"Bibliographie"},"content":{"rendered":"\n<p>Publication de Jean-Francis Gr\u00e9haigne sur le football<\/p>\n\n\n\n<p>LIVRES : <br>Gr\u00e9haigne, J.-F. (1992). L&#8217;organisation du jeu en football. Paris : ACTIO.<br>(Collection Actualit\u00e9, Recherche, Sport dirig\u00e9e par Michel Laurent et Pierre<br>Therme).<br>Gr\u00e9haigne, J.-F., Richard, J.-F., &amp; Griffin, L. (2005). Teaching and Learning Team<br>Sports and Games. New York: Routledge Falmer.<br>Gr\u00e9haigne, J.-F. (Ed.). (2007). Configurations du jeu, d\u00e9bat d\u2019id\u00e9es et apprentissage<br>des sports collectifs. Besan\u00e7on\u00a0: Presses de l\u2019Universit\u00e9 de Franche-Comt\u00e9.<br>Gr\u00e9haigne, J.-F. (Ed.). (2009). Autour du temps. Espaces, apprentissages, projets dans les sports collectifs. Besan\u00e7on\u00a0: Presses de l\u2019Universit\u00e9 de Franche-<br>Comt\u00e9.<br>Gr\u00e9haigne, J.-F. (Ed.). (2011). Des signes au sens. Le jeu, les indices, les postures et les apprentissages dans les sports collectifs \u00e0 l\u2019\u00e9cole. Besan\u00e7on\u00a0: Presses de<br>l\u2019Universit\u00e9 de Franche-Comt\u00e9.<br>Duprat, E., &amp; Gr\u00e9haigne, J.-F. (2012). Pour un football intelligent : La r\u00e9cup\u00e9ration du ballon. Sarrebruck : \u00c9ditions Universitaires Europ\u00e9ennes<br>Gr\u00e9haigne, J.-F. (Ed.). (2014). L\u2019intelligence tactique. Des perceptions aux d\u00e9cisions tactiques en sports collectifs. Besan\u00e7on\u00a0: Presses de l\u2019Universit\u00e9 de Franche- Comt\u00e9.<br>Gr\u00e9haigne, J.-F. (Ed.). (2016). Les objets de la technique. De la comp\u00e9tence motrice \u00e0 la tactique individuelle. Besan\u00e7on\u00a0: Presses de l\u2019Universit\u00e9 de Franche- Comt\u00e9.<br>Gr\u00e9haigne, J.-F. (2019). Utiliser les sports collectifs pour enseigner et apprendre en EPS. Notes de cours. Berlin\u00a0: \u00c9ditions Universitaires Europ\u00e9ennes.<\/p>\n","protected":false},"excerpt":{"rendered":"<p>Publication de Jean-Francis Gr\u00e9haigne sur le football LIVRES : Gr\u00e9haigne, J.-F. (1992). L&#8217;organisation du jeu en football. Paris : ACTIO.(Collection Actualit\u00e9, Recherche, Sport dirig\u00e9e par Michel Laurent et PierreTherme).Gr\u00e9haigne, J.-F., Richard, J.-F., &amp; Griffin, L. (2005). Teaching and Learning TeamSports and Games. New York: Routledge Falmer.Gr\u00e9haigne, J.-F. (Ed.). (2007). Configurations du jeu, d\u00e9bat d\u2019id\u00e9es et &hellip; <a href=\"https:\/\/xn--jean-francis-grhaigne-p5b.fr\/?page_id=70\" class=\"more-link\">Continue reading<span class=\"screen-reader-text\"> &#8220;Bibliographie&#8221;<\/span><\/a><\/p>\n","protected":false},"author":1,"featured_media":0,"parent":0,"menu_order":0,"comment_status":"closed","ping_status":"closed","template":"","meta":{"footnotes":""},"class_list":["post-70","page","type-page","status-publish","hentry"],"_links":{"self":[{"href":"https:\/\/xn--jean-francis-grhaigne-p5b.fr\/index.php?rest_route=\/wp\/v2\/pages\/70","targetHints":{"allow":["GET"]}}],"collection":[{"href":"https:\/\/xn--jean-francis-grhaigne-p5b.fr\/index.php?rest_route=\/wp\/v2\/pages"}],"about":[{"href":"https:\/\/xn--jean-francis-grhaigne-p5b.fr\/index.php?rest_route=\/wp\/v2\/types\/page"}],"author":[{"embeddable":true,"href":"https:\/\/xn--jean-francis-grhaigne-p5b.fr\/index.php?rest_route=\/wp\/v2\/users\/1"}],"replies":[{"embeddable":true,"href":"https:\/\/xn--jean-francis-grhaigne-p5b.fr\/index.php?rest_route=%2Fwp%2Fv2%2Fcomments&post=70"}],"version-history":[{"count":1,"href":"https:\/\/xn--jean-francis-grhaigne-p5b.fr\/index.php?rest_route=\/wp\/v2\/pages\/70\/revisions"}],"predecessor-version":[{"id":71,"href":"https:\/\/xn--jean-francis-grhaigne-p5b.fr\/index.php?rest_route=\/wp\/v2\/pages\/70\/revisions\/71"}],"wp:attachment":[{"href":"https:\/\/xn--jean-francis-grhaigne-p5b.fr\/index.php?rest_route=%2Fwp%2Fv2%2Fmedia&parent=70"}],"curies":[{"name":"wp","href":"https:\/\/api.w.org\/{rel}","templated":true}]}}